206177 a multiple of 163?
False
Is 74 a factor of 1118144?
False
Does 38 divide 122778?
True
Is 77370 a multiple of 181?
False
Is 199 a factor of 962563?
True
Is 2 a factor of 263320?
True
Does 117 divide 217648?
False
Does 1683 divide 4201038?
False
Is 216080 a multiple of 73?
True
Is 386308 a multiple of 494?
True
Is 62 a factor of 173972?
True
Is 7270660 a multiple of 10?
True
Is 555984 a multiple of 39?
True
Is 33 a factor of 46695?
True
Is 1150169 a multiple of 18?
False
Is 37 a factor of 646390?
True
Is 4828182 a multiple of 1761?
False
Is 11 a factor of 2241448?
True
Is 335 a factor of 702495?
True
Does 209 divide 560747?
True
Is 906 a factor of 377656?
False
Is 208897 a multiple of 11?
False
Is 1084656 a multiple of 65?
False
Is 2410095 a multiple of 31?
True
Does 426 divide 853278?
True
Is 505 a factor of 1858905?
True
Is 68784 a multiple of 16?
True
Does 3 divide 3751?
False
Is 367 a factor of 1095451?
False
Is 25 a factor of 70425?
True
Is 64 a factor of 69376?
True
Is 65 a factor of 658865?
False
Is 5751 a multiple of 4?
False
Does 386 divide 2022059?
False
Is 33810 a multiple of 6?
True
Is 6 a factor of 122168?
False
Does 16 divide 4119600?
True
Does 16 divide 262848?
True
Does 29 divide 54386?
False
Does 56 divide 848099?
False
Is 47841 a multiple of 361?
False
Is 756 a factor of 1560146?
False
Is 157 a factor of 77350?
False
Is 13 a factor of 2978833?
True
Is 5998496 a multiple of 122?
True
Does 273 divide 234734?
False
Is 4 a factor of 498295?
False
Is 70 a factor of 556850?
True
Does 429 divide 281931?
False
Is 33 a factor of 76976?
False
Is 5789080 a multiple of 220?
True
Is 7 a factor of 121919?
True
Is 5 a factor of 1371568?
False
Is 8 a factor of 1192048?
True
Is 3113532 a multiple of 12?
True
Is 81312 a multiple of 847?
True
Is 7 a factor of 2676142?
True
Is 10304 a multiple of 28?
True
Does 26 divide 7149236?
False
Is 45 a factor of 196891?
False
Is 1067959 a multiple of 74?
False
Is 34 a factor of 5654948?
True
Is 3 a factor of 189096?
True
Does 2 divide 1529111?
False
Is 5 a factor of 47204?
False
Is 244 a factor of 170312?
True
Does 134 divide 869794?
True
Does 1211 divide 6442520?
True
Is 1107368 a multiple of 41?
False
Does 5 divide 1388769?
False
Does 250 divide 2306808?
False
Is 316863 a multiple of 9?
True
Is 115827 a multiple of 416?
False
Is 23204305 a multiple of 843?
False
Is 9737375 a multiple of 60?
False
Is 113 a factor of 614268?
True
Is 20 a factor of 241580?
True
Does 14 divide 5236559?
False
Does 51 divide 5352909?
True
Does 9 divide 507327?
False
Is 320496 a multiple of 22?
True
Does 306 divide 185959?
False
Is 23 a factor of 97870?
False
Is 8 a factor of 6144416?
True
Is 846296 a multiple of 162?
False
Is 347 a factor of 10637285?
True
Is 487 a factor of 982886?
False
Is 14 a factor of 1380134?
True
Is 2601593 a multiple of 979?
False
Is 1028994 a multiple of 13?
False
Does 896 divide 625408?
True
Does 27 divide 563863?
False
Does 6 divide 28430?
False
Is 47 a factor of 28952?
True
Is 717395 a multiple of 4?
False
Is 8 a factor of 1074501?
False
Is 20 a factor of 18200?
True
Does 535 divide 673030?
True
Does 118 divide 212518?
True
Is 296 a factor of 2327744?
True
Is 18 a factor of 107080?
False
Does 578 divide 782612?
True
Does 11 divide 144503?
False
Is 4024368 a multiple of 24?
True
Is 127 a factor of 25016820?
False
Is 538148 a multiple of 9?
False
Does 892 divide 8998975?
False
Is 10 a factor of 846380?
True
Is 320419 a multiple of 60?
False
Is 4 a factor of 39949?
False
Does 381 divide 3501171?
False
Is 7 a factor of 3479?
True
Is 8 a factor of 554584?
True
Does 95 divide 797905?
True
Is 10809917 a multiple of 21?
False
Is 2 a factor of 74998?
True
Is 133188 a multiple of 72?
False
Does 48 divide 92448?
True
Is 46 a factor of 341613?
False
Is 10 a factor of 414742?
False
Is 1872361 a multiple of 140?
False
Is 828365 even?
False
Does 855 divide 710307?
False
Is 218650 a multiple of 10?
True
Is 156316 a multiple of 27?
False
Is 6347520 a multiple of 190?
True
Is 289632 a multiple of 163?
False
Is 28 a factor of 498008?
True
Is 146 a factor of 1986842?
False
Is 1160 a factor of 1104320?
True
Is 1711066 a multiple of 41?
False
Is 310377 a multiple of 44?
False
Does 15 divide 78912?
False
Is 18 a factor of 144874?
False
Is 1298989 a multiple of 773?
False
Does 44 divide 97806?
False
Does 72 divide 1305576?
True
Does 8 divide 28785?
False
Is 275558 a multiple of 91?
False
Does 24 divide 39058?
False
Is 45 a factor of 9514?
False
Is 9 a factor of 713142?
True
Does 105 divide 38325?
True
Does 309 divide 4038168?
False
Does 58 divide 2171091?
False
Does 57 divide 637498?
False
Does 61 divide 2848029?
True
Does 27 divide 2138130?
True
Does 193 divide 169261?
True
Does 76 divide 296477?
False
Does 27 divide 329886?
True
Is 776764 a multiple of 68?
True
Is 290 a factor of 18232300?
True
Is 17112 a multiple of 8?
True
Is 553 a factor of 3139381?
True
Is 56975 a multiple of 7?
False
Does 14 divide 311236?
False
Is 22 a factor of 106370?
True
Is 864776 a multiple of 248?
True
Is 155 a factor of 557112?
False
Does 41 divide 10368141?
False
Does 19 divide 255949?
True
Does 462 divide 1973202?
True
Is 72 a factor of 147600?
True
Is 11 a factor of 8604843?
False
Is 167 a factor of 3006?
True
Is 184548 a multiple of 26?
True
Is 211761 a multiple of 93?
True
Does 9 divide 1693323?
True
Is 389610 a multiple of 962?
True
Is 24343 a multiple of 3?
False
Is 614 a factor of 793288?
True
Is 42 a factor of 885038?
False
Is 64532 a multiple of 34?
True
Does 19 divide 1808315?
False
Is 1499 a factor of 7152389?
False
Is 277214 a multiple of 14?
True
Does 24 divide 172608?
True
Is 6 a factor of 6257125?
False
Does 147 divide 852454?
False
Does 407 divide 14652?
True
Does 23 divide 34766?
False
Is 2569400 a multiple of 1450?
True
Is 7 a factor of 609021?
True
Does 907 divide 2438016?
True
Is 86 a factor of 1147905?
False
Is 3340701 a multiple of 13?
True
Is 253 a factor of 412643?
True
Is 213108 a multiple of 28?
True
Is 223 a factor of 16614637?
False
Is 35 a factor of 1114470?
True
Is 271640 a multiple of 10?
True
Is 141960 a multiple of 13?
True
Is 64820 a multiple of 5?
True
Is 35 a factor of 172480?
True
Is 319 a factor of 13389246?
False
Is 140397 a multiple of 90?
False
Is 150500 a multiple of 301?
True
Is 62535 a multiple of 265?
False
Does 95 divide 2257204?
False
Is 28 a factor of 1726325?
False
Is 3312 a multiple of 276?
True
Is 6 a factor of 1778437?
False
Does 194 divide 1601858?
True
Is 83416 a multiple of 30?
False
Is 26 a factor of 31512?
True
Does 13 divide 750053?
False
Does 40 divide 18567960?
True
Does 184 divide 3817488?
False
Is 21816 a multiple of 12?
True
Is 30357 a multiple of 536?
False
Is 144268 a multiple of 39?
False
Is 2590 a factor of 24024840?
True
Is 3085 a multiple of 20?
False
Does 138 divide 298406?
False
Does 16 divide 287008?
True
Is 37 a factor of 155315?
False
Is 100 a factor of 47683?
False
Is 387725 a multiple of 272?
False
Is 753901 a multiple of 11?
False
Is 118864 a multiple of 378?
False
Is 121 a factor of 590725?
False
Does 84 divide 119280?
True
Does 124 divide 412052?
True
Is 1312 a factor of 3243264?
True
Does 4 divide 403227?
False
Does 9 divide 451252?
False
Is 26910 a multiple of 138?
True
Does 80 divide 82984?
False
Does 19 divide 1551633?
False
Does 160 divide 180320?
True
Does 84 divide 4505767?
False
Is 635 a factor of 5649595?
True
Does 147 divide 2618020?
False
Does 9 divide 877147?
False
Is 108326 a multiple of 7?
False
Is 26248 a multiple of 68?
True
Is 10 a factor of 155623?
False
Is 93 a factor of 1803169?
False
Is 43470 a multiple of 42?
True
Is 19 a factor of 25976?
False
Is 23 a factor of 76199?
True
Is 6 a factor of 1296774?
True
Is 5434121 a multiple of 84?
False
Is 214473 a multiple of 16?
False
Does 20 divide 258880?
True
Does 87 divide 202502?
False
Is 26649 a multiple of 189?
True
Is 73 a factor of 308060?
True
Is 4 a factor of 5774929?
False
Is 921840 a multiple of 1104?
True
Is 48 a factor of 117888?
True
Does 634 divide 1661977?
False
Does 55 divide 211420?
True
Does 668 divide 16673948?
True
Is 89 a factor of 453332?
False
Does 238 divide 6471240?
False
Is 48727 a multiple of 7?
True
Is 36 a factor of 394465?
False
Is 10 a factor of 20902265?
Fal